{"id":1506,"date":"2025-10-30T10:11:57","date_gmt":"2025-10-30T09:11:57","guid":{"rendered":"https:\/\/firemniportrety.cz\/?page_id=1506"},"modified":"2025-12-03T00:35:42","modified_gmt":"2025-12-02T23:35:42","slug":"voucher-3","status":"publish","type":"page","link":"https:\/\/fotokurzy.info\/en\/voucher-3\/","title":{"rendered":"Voucher"},"content":{"rendered":"<p>[et_pb_section fb_built=&#8220;1&#8243; _builder_version=&#8220;4.27.4&#8243; _module_preset=&#8220;default&#8220; global_colors_info=&#8220;{}&#8220;][et_pb_row _builder_version=&#8220;4.27.4&#8243; _module_preset=&#8220;default&#8220; global_colors_info=&#8220;{}&#8220;][et_pb_column type=&#8220;4_4&#8243; _builder_version=&#8220;4.27.4&#8243; _module_preset=&#8220;default&#8220; global_colors_info=&#8220;{}&#8220;][et_pb_text _builder_version=&#8220;4.27.4&#8243; _module_preset=&#8220;default&#8220; text_font_size=&#8220;20px&#8220; text_line_height=&#8220;1.8em&#8220; text_font_size_tablet=&#8220;19px&#8220; text_font_size_phone=&#8220;18px&#8220; text_font_size_last_edited=&#8220;on|tablet&#8220; global_colors_info=&#8220;{}&#8220;]<\/p>\n<p>D\u00e1rkov\u00fd poukaz na ateli\u00e9rov\u00e9 focen\u00ed<\/p>\n<p>Darujte sv\u00fdm bl\u00edzk\u00fdm n\u011bco v\u00edc ne\u017e v\u011bc \u2013 darujte vzpom\u00ednku.<br \/>Profesion\u00e1ln\u00ed ateli\u00e9rov\u00e9 focen\u00ed u fotografa Vojt\u011bcha Vlka v centru Prahy je kr\u00e1sn\u00fdm d\u00e1rkem pro ka\u017ed\u00e9ho, kdo si chce uchovat d\u016fle\u017eit\u00e9 okam\u017eiky v \u017eivot\u011b.<\/p>\n<p>Voucher lze vyu\u017e\u00edt na rodinn\u00e9 focen\u00ed, p\u00e1rov\u00e9 portr\u00e9ty, t\u011bhotensk\u00e9 fotografie, ale i na focen\u00ed miminek a d\u011bt\u00ed.<br \/>V p\u0159\u00edjemn\u00e9m prost\u0159ed\u00ed ateli\u00e9ru vzniknou p\u0159irozen\u00e9, nad\u010dasov\u00e9 sn\u00edmky, kter\u00e9 budou d\u011blat radost po mnoho let.<\/p>\n<p>? Cena poukazu: 4 900 K\u010d<br \/>(v\u010detn\u011b 2 hodin focen\u00ed a 5 pe\u010dliv\u011b retu\u0161ovan\u00fdch fotografi\u00ed)<\/p>\n<p>? Platnost poukazu: 1 rok od data vyd\u00e1n\u00ed.<br \/>? Po zaplacen\u00ed v\u00e1m za\u0161leme voucher v PDF podob\u011b, na vy\u017e\u00e1d\u00e1n\u00ed tak\u00e9 v\u00a0ti\u0161t\u011bn\u00e9\u00a0verzi<\/p>\n<p>[\/et_pb_text][et_pb_image src=&#8220;https:\/\/fotokurzy.info\/wp-content\/uploads\/2025\/12\/Voucher-foceni.jpg&#8220; title_text=&#8220;Voucher na focen\u00ed v atelieru v Praze&#8220; align=&#8220;center&#8220; src_tablet=&#8220;https:\/\/fotokurzy.info\/wp-content\/uploads\/2025\/10\/voucher-2-1.jpg&#8220; src_phone=&#8220;https:\/\/fotokurzy.info\/wp-content\/uploads\/2025\/10\/voucher-2-1.jpg&#8220; src_last_edited=&#8220;on|desktop&#8220; _builder_version=&#8220;4.27.4&#8243; _module_preset=&#8220;default&#8220; height=&#8220;500px&#8220; height_tablet=&#8220;auto&#8220; height_phone=&#8220;auto&#8220; height_last_edited=&#8220;on|desktop&#8220; hover_enabled=&#8220;0&#8243; global_colors_info=&#8220;{}&#8220; alt=&#8220;Voucher na focen\u00ed v atelieru v Praze&#8220; sticky_enabled=&#8220;0&#8243;][\/et_pb_image][\/et_pb_column][\/et_pb_row][\/et_pb_section]<\/p>","protected":false},"excerpt":{"rendered":"<p>D\u00e1rkov\u00fd poukaz na ateli\u00e9rov\u00e9 focen\u00ed Darujte sv\u00fdm bl\u00edzk\u00fdm n\u011bco v\u00edc ne\u017e v\u011bc \u2013 darujte vzpom\u00ednku.Profesion\u00e1ln\u00ed ateli\u00e9rov\u00e9 focen\u00ed u fotografa Vojt\u011bcha Vlka v centru Prahy je kr\u00e1sn\u00fdm d\u00e1rkem pro ka\u017ed\u00e9ho, kdo si chce uchovat d\u016fle\u017eit\u00e9 okam\u017eiky v \u017eivot\u011b. Voucher lze vyu\u017e\u00edt na rodinn\u00e9 focen\u00ed, p\u00e1rov\u00e9 portr\u00e9ty, t\u011bhotensk\u00e9 fotografie, ale i na focen\u00ed miminek a d\u011bt\u00ed.V p\u0159\u00edjemn\u00e9m [&hellip;]<\/p>","protected":false},"author":1,"featured_media":0,"parent":0,"menu_order":0,"comment_status":"closed","ping_status":"closed","template":"","meta":{"_et_pb_use_builder":"on","_et_pb_old_content":"","_et_gb_content_width":"","footnotes":""},"class_list":["post-1506","page","type-page","status-publish","hentry"],"_links":{"self":[{"href":"https:\/\/fotokurzy.info\/en\/wp-json\/wp\/v2\/pages\/1506","targetHints":{"allow":["GET"]}}],"collection":[{"href":"https:\/\/fotokurzy.info\/en\/wp-json\/wp\/v2\/pages"}],"about":[{"href":"https:\/\/fotokurzy.info\/en\/wp-json\/wp\/v2\/types\/page"}],"author":[{"embeddable":true,"href":"https:\/\/fotokurzy.info\/en\/wp-json\/wp\/v2\/users\/1"}],"replies":[{"embeddable":true,"href":"https:\/\/fotokurzy.info\/en\/wp-json\/wp\/v2\/comments?post=1506"}],"version-history":[{"count":5,"href":"https:\/\/fotokurzy.info\/en\/wp-json\/wp\/v2\/pages\/1506\/revisions"}],"predecessor-version":[{"id":1619,"href":"https:\/\/fotokurzy.info\/en\/wp-json\/wp\/v2\/pages\/1506\/revisions\/1619"}],"wp:attachment":[{"href":"https:\/\/fotokurzy.info\/en\/wp-json\/wp\/v2\/media?parent=1506"}],"curies":[{"name":"wp","href":"https:\/\/api.w.org\/{rel}","templated":true}]}}

<p>[et_pb_section fb_built=&#8220;1&#8243; _builder_version=&#8220;4.27.4&#8243; _module_preset=&#8220;default&#8220; global_colors_info=&#8220;{}&#8220;][et_pb_row _builder_version=&#8220;4.27.4&#8243; _module_preset=&#8220;default&#8220; global_colors_info=&#8220;{}&#8220;][et_pb_column type=&#8220;4_4&#8243; _builder_version=&#8220;4.27.4&#8243; _module_preset=&#8220;default&#8220; global_colors_info=&#8220;{}&#8220;][et_pb_text _builder_version=&#8220;4.27.4&#8243; _module_preset=&#8220;default&#8220; text_font_size=&#8220;20px&#8220; text_line_height=&#8220;1.8em&#8220; text_font_size_tablet=&#8220;19px&#8220; text_font_size_phone=&#8220;18px&#8220; text_font_size_last_edited=&#8220;on|tablet&#8220; global_colors_info=&#8220;{}&#8220;]</p>
<p>Dárkový poukaz na ateliérové focení</p>
<p>Darujte svým blízkým něco víc než věc – darujte vzpomínku.<br />Profesionální ateliérové focení u fotografa Vojtěcha Vlka v centru Prahy je krásným dárkem pro každého, kdo si chce uchovat důležité okamžiky v životě.</p>
<p>Voucher lze využít na rodinné focení, párové portréty, těhotenské fotografie, ale i na focení miminek a dětí.<br />V příjemném prostředí ateliéru vzniknou přirozené, nadčasové snímky, které budou dělat radost po mnoho let.</p>
<p>? Cena poukazu: 4 900 Kč<br />(včetně 2 hodin focení a 5 pečlivě retušovaných fotografií)</p>
<p>? Platnost poukazu: 1 rok od data vydání.<br />? Po zaplacení vám zašleme voucher v PDF podobě, na vyžádání také v tištěné verzi</p>
<p>[/et_pb_text][et_pb_image src=&#8220;https://fotokurzy.info/wp-content/uploads/2025/12/Voucher-foceni.jpg&#8220; title_text=&#8220;Voucher na focení v atelieru v Praze&#8220; align=&#8220;center&#8220; src_tablet=&#8220;https://fotokurzy.info/wp-content/uploads/2025/10/voucher-2-1.jpg&#8220; src_phone=&#8220;https://fotokurzy.info/wp-content/uploads/2025/10/voucher-2-1.jpg&#8220; src_last_edited=&#8220;on|desktop&#8220; _builder_version=&#8220;4.27.4&#8243; _module_preset=&#8220;default&#8220; height=&#8220;500px&#8220; height_tablet=&#8220;auto&#8220; height_phone=&#8220;auto&#8220; height_last_edited=&#8220;on|desktop&#8220; hover_enabled=&#8220;0&#8243; global_colors_info=&#8220;{}&#8220; alt=&#8220;Voucher na focení v atelieru v Praze&#8220; sticky_enabled=&#8220;0&#8243;][/et_pb_image][/et_pb_column][/et_pb_row][/et_pb_section]</p>

<p>Dárkový poukaz na ateliérové focení Darujte svým blízkým něco víc než věc – darujte vzpomínku.Profesionální ateliérové focení u fotografa Vojtěcha Vlka v centru Prahy je krásným dárkem pro každého, kdo si chce uchovat důležité okamžiky v životě. Voucher lze využít na rodinné focení, párové portréty, těhotenské fotografie, ale i na focení miminek a dětí.V příjemném [&hellip;]</p>
